 divided by f(k)?
17
Let b = 10633 - 10437. What is the remainder when 10777 is divided by b?
193
Suppose 119*c - 1760 = 31*c. Calculate the remainder when 86 is divided by c.
6
Let k(f) = -15*f + 45. Let i(j) = -j + 3. Let y(l) = 10*i(l) - k(l). What is the remainder when y(9) is divided by 16?
14
Let w(x) = 51*x - 9. Let i be w(3). Suppose -i + 53 = -7*g. Suppose 3*v + 3 = -9*n + g*n, 4*v - 5*n + 3 = 0. What is the remainder when 3 is divided by v?
0
Suppose -386 - 1946 = -53*j. Calculate the remainder when 115 is divided by j.
27
Suppose t = -9*t + 20. Suppose -4*j + 38 = 2*u, u - j - 2 = t. Calculate the remainder when 1/u + 0 + 6288/27 is divided by 26.
25
Suppose -6*w + 128 + 10 = 0. Let b(u) = 10*u - 8. What is the remainder when b(w) is divided by 14?
12
Let l = 46 - -182. Suppose -17*p + 21*p + 190 = 3*f, -p = 4*f - l. What is the remainder when f is divided by 30?
28
Let b(f) = f**2 - 5*f + 6. Let q be b(3). Suppose 4*y + q*h - 5*h - 58 = 0, h + 66 = 4*y. What is the remainder when 492 is divided by y?
16
Let m(v) = v**3 + 10*v**2 - 19*v - 234. Let j be m(-9). Let a(p) = 27*p + 7. Let h be a(-5). What is the remainder when 15/(-2)*3/(j/h) is divided by 18?
16
Suppose 5*a + 120 = 2*n, 0 = 5*n + a + 32 - 332. Let t = 90 + n. What is the remainder when t is divided by 38?
36
Suppose 4*a - 228 = -2*i, 53*a + 3*i + 228 = 57*a. Calculate the remainder when 1123 is divided by a.
40
Suppose 3*r = -d + 350, 187*d - 191*d = 5*r - 1407. Calculate the remainder when 362 is divided by d.
9
Let z be (-18)/42 - (1350/(-14) - -2). Suppose -4*n - 12*v + 112 = -14*v, v = -3*n + z. Calculate the remainder when 114 is divided by n.
24
Let f(n) = -n**3 + 41*n**2 - 148*n + 14. Let q be f(37). Let u = -431 - -85. Calculate the remainder when 97 is divided by 2/7 - u/q.
22
Let b = 23955 + -23917. What is the remainder when 607 is divided by b?
37
Suppose 2*l - 4*k + 18 = 0, -4*k = -l - 10 - 5. Let x(n) = n**2 + n. Calculate the remainder when 20 + (l + -3 - -9) is divided by x(-3).
5
Let m = -94 - -169. Let p be (6 - -19) + -2 + 1. Let o = p + -5. What is the remainder when m is divided by o?
18
Suppose 40 = -u + 43. Let n(w) = -w**u - 1 - 14*w - 4 + 0 - 7*w**2 + 2. Calculate the remainder when n(-6) is divided by 12.
9
Let z(u) = 3*u + 65. Let j be z(-23). What is the remainder when 82 is divided by j*(-4 - 11/4)?
1
Let j(d) = -d**3 + d**2 - 2*d + 3. Let v be j(2). Let f be (-2)/(-5) + 12/v. Calculate the remainder when 7 is divided by 578/153 - f/9.
3
Let j be 7/(42/(-102))*-1. Suppose 0 = j*g + 72 - 1942. Let z(p) = 3*p - 5. What is the remainder when g is divided by z(7)?
14
Calculate the remainder when (5 + (0 - -1))/(-4 - 1910/(-476)) is divided by 150.
26
Let a(f) be the second derivative of f**4/12 + f**3/2 + 4*f**2 + f. Let l be a(-4). What is the remainder when ((-51)/l)/(1/(-4)) is divided by 6?
5
Let p = 2530 - 1538. Suppose -3*u + 2*w = p, -u = -w + 4*w + 338. Calculate the remainder when 2 + 42/(-18) + u/(-6) is divided by 14.
13
Suppose 0 = 3*u - 77 + 65. Suppose 4*n + 78 = 2*p, -u*n + n + 134 = 4*p. Calculate the remainder when p is divided by 13.
9
Let o = -87263 + 87315. Suppose 0*d = 2*d - 12. What is the remainder when o is divided by d?
4
Suppose 0 = -4*w + 9*w - 435. Let q = 92 - w. Calculate the remainder when 172 is divided by q.
2
What is the remainder when 1507 is divided by ((-96)/16*1)/(-2)*(-116)/(-3)?
115
Let k(u) = 5*u**2 + 10*u - 3. Let y be (-2)/((1/9)/((-3)/(-6))). Let o be 88/y + 3 + (-4)/18. Calculate the remainder when k(o) is divided by 29.
27
Let x be (-1 - -4)/((-1)/(-4)). Let d(j) = 0 + j - 1 + j. What is the remainder when 89 is divided by d(x)?
20
Let h = -15132 - -15347. Calculate the remainder when 8598 is divided by h.
213
Suppose -8 = -130*k + 126*k. Suppose -45 = -3*o - k*o. What is the remainder when 50 is divided by o?
5
Let u(o) = -o - 32. Let v be u(19). Let w = 115 + v. What is the remainder when 191 is divided by w?
63
Suppose 5*n - 2*g - 10 = 4*n, 5*g = -3*n - 14. Suppose -n = 4*f - 10. Calculate the remainder when 17 is divided by f.
1
Suppose 3*r - 626 - 202 = 0. Calculate the remainder when r is divided by -28 + 64 + 29 - (-216)/(-12).
41
Suppose -4*b + 31 = -53. Suppose -8*h + 13*h = 2430. Suppose 0 = -2*n + 8*n - h. Calculate the remainder when n is divided by b.
18
Let c(x) = -3*x - 2*x**2 + 6 + 5*x - 13*x. Calculate the remainder when 163 is divided by c(-5).
9
Suppose 191 - 29 = 27*h. Calculate the remainder when 32 is divided by h.
2
Let m be 4 + (-20)/4 + (1 - 3). Let t(r) = r**3 + 2*r**2 - 7*r - 1. What is the remainder when 21 is divided by t(m)?
10
Suppose 0 = 5*u + y - 20479, 0 = -2*y - 39 + 27. Calculate the remainder when u is divided by 2044.
9
Let g(v) = v**2 - 29*v + 169. Suppose 0 = 2*a - 3*r - 24, 0 = a + 2*r + 17 - 15. Let f(c) = c**2 - 4*c. Calculate the remainder when g(a) is divided by f(6).
7
Let h(u) = 18*u. Let a be h(-2). Let q be (-1)/(-3*4/a). Let r = q + 16. Calculate the remainder when 25 is divided by r.
12
Let b(f) be the third derivative of 7*f**2 + 0 + 3/4*f**4 + 1/6*f**3 + 0*f. Calculate the remainder when b(6) is divided by 11.
10
Let o = -387 - -572. Suppose -4*s - 2*m + 1 = -53, -2*m = s - 12. Calculate the remainder when (o/20)/((-2)/(-8)) is divided by s.
9
Let m(o) = -o**3 + 10*o**2 - 8*o + 4. Suppose 17*w - 23*w = -612. What is the remainder when w is divided by m(9)?
11
Suppose 2*f = 0, i + 13*f - 1539 = 12*f. Let m = i + -982. Calculate the remainder when m is divided by 62.
61
Let i(v) = v**2 + 8*v - 15. Let u = 256 - 241. Suppose -u = -4*o + o. What is the remainder when i(-11) is divided by o?
3
Suppose 2*d - 29 + 131 = 5*l, -82 = -4*l + 2*d. Let f(c) = c**2 - 21*c + 9. What is the remainder when f(30) is divided by l?
19
What is the remainder when 1346 is divided by -23 - (23 + -1386 + 6)?
12
Let t(p) = -p**2 - 129*p - 1169. Calculate the remainder when 461 is divided by t(-10).
20
Let v(m) = -4*m**3 + 12*m**2 + 6*m + 6. What is the remainder when v(2) is divided by 32?
2
Suppose -2*l + 18 + 67 = -j, -l - 2 = 0. Let k = j + 98. Suppose 4 = m - k. Calculate the remainder when m is divided by 9.
4
Suppose -x + 14 = -8*x. Suppose 2*h = 2 + 28. What is the remainder when (73/x)/((-12)/24) is divided by h?
13
Let k = -4113 - -6388. Calculate the remainder when k is divided by 114.
109
Let d = -435 - -480. Suppose -3*n = -y + 4*y - 135, n = 5*y + d. What is the remainder when 268 is divided by n?
43
Suppose 6660*x - 4284 = 6642*x. What is the remainder when 5228 is divided by x?
230
Suppose -z + 3*z - 96 = 0. Suppose 4*n - 3*v = 758 - 7, -4*n + 745 = 3*v. Calculate the remainder when n is divided by z.
43
Let r(k) = 17*k**2 - 23*k + 15. Let h(p) = 6*p**2 - 8*p + 5. Let m(n) = -11*h(n) + 4*r(n). What is the remainder when 86 is divided by m(3)?
9
Suppose -n - s = -410 - 479, 4*n - 4*s - 3500 = 0. Calculate the remainder when n is divided by 47.
36
Let d = -21 - -26. Suppose 0 = -z + d*a + 2, 5*z - 3*z - 4 = -a. Suppose -n + 7 + 4 = 3*w, -68 = -5*n - z*w. What is the remainder when n is divided by 8?
6
Suppose 0 = -m + 3*h + 38, -2*m + 95 + 9 = h. Let g = 40 - m. Calculate the remainder when (-3)/(12/g)*70 is divided by 44.
43
Let g = -369 - -502. Let z = g + 25. What is the remainder when z is divided by 41?
35
Let n be -1 + 1 - 12/3. Let c(p) = -p**2 + 15*p - 44. Let i be c(11). What is the remainder when 10 is divided by 3*(n + 3 - i) - -8?
0
Let g(h) = 2*h**2 + 9*h + 23. Let f(x) = 2*x**2 + 8*x + 22. Let c(z) = 4*f(z) - 3*g(z). What is the remainder when c(-6) is divided by 14?
5
Let n(v) = -3*v**2 - 26*v - 10. Let c be (-12*2/(-9))/((-2)/6). Let f be n(c). Suppose f*r - 279 = -63. Calculate the remainder when r is divided by 10.
6
Let c(o) = -22*o - 98. Calculate the remainder when c(-9) is divided by 16.
4
Suppose -n + 5 = 0, -4*q = 4*n - 0*n + 1204. Let v = q - -413. Suppose -4*g + 2*t = -34, 2 + 4 = 2*t. Calculate the remainder when v is divided by g.
7
Let y(j) = 44*j**2 - j + 3. What is the remainder when 269 is divided by y(1)?
39
Let b(h) = 11*h**3 - 2*h + 8. What is the remainder when b(3) is divided by 60?
59
Suppose 65 = 5*g - 2*o, -3*g - o = -35 - 15. What is the remainder when 38 is divided by (-45)/(-9) + 0/1 + g?
18
Calculate the remaind